u. Is s composite?
False
Suppose 5*s = 5*z - 3 - 12, -5*z - 4*s + 24 = 0. Suppose 14 - 74 = -z*y. Is y composite?
True
Let t(j) = j**3 + 8*j**2 + 6*j + 4. Let f be t(-7). Suppose 4*u - f = 1. Let z(d) = 5*d - 1. Is z(u) prime?
False
Suppose -2 = -4*i + 14. Suppose -2*s + 604 = 3*u, -3*u = -i*s - 6*u + 1196. Suppose s + 228 = 4*j - 4*r, 0 = -2*j + r + 258. Is j a composite number?
False
Suppose -6 = 2*z - 3*h + 3, 5*z - 40 = -5*h. Suppose z*b - 8*b = -230. Is b a prime number?
False
Let q be ((-4)/(-8))/(1/10). Suppose 0 = 2*l + 5*i + 578 - 1659, -3*l = -q*i - 1684. Is l prime?
False
Let f = -8 + 73. Is f a prime number?
False
Let k(m) = -511*m. Is k(-1) a prime number?
False
Let b(t) = t**3 + 6*t**2 - 11*t - 9. Let d(p) be the third derivative of p**4/8 + p**3/3 - p**2. Let n be d(-3). Is b(n) a prime number?
True
Let n(h) = -7*h - h + 0*h + 9. Is n(-10) composite?
False
Let z(f) be the second derivative of -f**6/120 + f**5/5 - 5*f**4/24 + 5*f**3/6 - 3*f**2/2 - 2*f. Let w(n) be the first derivative of z(n). Is w(6) composite?
False
Let p be ((-1119)/9)/((-1)/3). Suppose 75 = -2*r + p. Is r a prime number?
True
Let c be 668/44 - (-6)/(-33). Is 6/c - 132/(-20) prime?
True
Suppose 2*n + n - 15 = 0, 3*y - 28 = -5*n. Let d be 19/1 + 1 - y. Suppose i - 108 + d = 0. Is i composite?
False
Suppose 4*l - 873 = c, 4*l = 3*l - 2*c + 207. Suppose -l = -2*v + 825. Is v a prime number?
True
Let o(g) = -g**2 - 7*g + 7. Let w be o(-7). Let r = 31 + w. Suppose 109 + r = 3*l. Is l a prime number?
False
Suppose -w - 4*z = -5, -5*w + 25 = 3*z - 2*z. Suppose -90 = -w*o + 975. Let q = -82 + o. Is q a prime number?
True
Is ((-303)/(-9) - -4)*9 composite?
True
Let a(m) = -7*m**3 - 15*m**2 - 15*m + 12. Is a(-11) composite?
True
Let l(j) = -5 + j - j**3 + 0*j**3 - 2*j + 2*j + 5*j**2. Is l(4) composite?
True
Let n(v) = -4*v**2 - 9*v**2 + 5*v + 7 + 12*v**2. Is n(5) composite?
False
Let n(h) = -h**2 + 5*h + 3. Let f be n(5). Let z(d) = 2*d + f*d**2 + d**2 + 3*d**2. Is z(-7) a prime number?
False
Let l(w) = w**3 - 8*w**2 + 8*w. Let q be (98/(-21))/((-2)/3). Is l(q) prime?
True
Suppose 0 = 2*l + s - 1125, 4*l - 2950 = s - 697. Is l prime?
True
Let t be -3*((-1830)/9)/2. Let w = -198 + t. Suppose w + 162 = 3*r - 2*c, 4*r - 336 = -3*c. Is r a prime number?
False
Is (26/13)/(4/514) composite?
False
Suppose -3*n = -465 + 54. Let v be 330/4 - 12/24. Let o = n - v. Is o a composite number?
True
Let c(n) = -n. Let p be c(-5). Suppose p*f + 2*q - 322 = 0, -q + 5*q + 16 = 0. Let k = f + -43. Is k prime?
True
Let b = 10 - 16. Let r be b/9 - (-116)/3. Let f = r - -5. Is f a composite number?
False
Let i(u) = 3*u**3 + 3*u**2 + 6*u + 5. Let n(g) = 4*g**3 + 3*g**2 + 7*g + 6. Let z(k) = 3*i(k) - 2*n(k). Let q be z(-4). Let r = q + 78. Is r a composite number?
True
Suppose -3*s - 163 = -499. Let b = -19 + 52. Let z = s - b. Is z composite?
False
Suppose -3*g - 5*h + 94 = -80, 3 = h. Is g composite?
False
Let p(h) = -127*h**3 - 3*h**2 - 14*h - 7. Is p(-4) prime?
False
Let s = 10 + -6. Suppose s*g = -5*n + 565, 2*n + 0*n - 574 = -4*g. Is g a prime number?
False
Suppose c = -3*t - 3*c + 30, -3*t + 51 = -3*c. Suppose t = -5*f + 69. Is f prime?
True
Let t(p) = p**3 - 7*p**2 + 10*p - 5. Let v(i) = -i**3 + 6*i**2 - 10*i + 6. Let h(f) = 4*t(f) + 3*v(f). Is h(9) a composite number?
False
Let t be 135*((-84)/9 - 0). Is (-6)/8 + t/(-80) a composite number?
True
Suppose -3 = 2*w - 0*o + 5*o, 2*o = -6. Is -2*((-1179)/w + -2) a composite number?
False
Let w(q) = -123*q + 9. Is w(-8) composite?
True
Let l(s) = -239*s + 6. Let m be l(4). Suppose 12 = 2*y + y, 3*u - 2*y = -62. Is (-4)/u + m/(-18) composite?
False
Let o = 52 + -24. Let h be (-8)/o - (-1017)/7. Suppose 5*d - 780 + h = 0. Is d prime?
True
Let w = -218 + 1195. Is w composite?
False
Is (-19)/(-3)*(1 - -2) a prime number?
True
Let a(u) = 2*u**2 - 5*u - 10. Suppose 5*p = 16 + 19. Is a(p) composite?
False
Is 13466/30 - 6/(-45) composite?
False
Suppose 5*f + 4*u = 1337 + 923, -1393 = -3*f + 5*u. Is 2 + -1 + f/4 prime?
False
Let c = 1742 + -1057. Is c prime?
False
Let d = -11 - -15. Suppose 171 + 25 = d*l. Is l a prime number?
False
Let a = 470 - 184. Let d = a - 173. Is d a composite number?
False
Suppose -3*t = 74 - 203. Suppose 2*y - 5*y = 72. Let g = y + t. Is g a prime number?
True
Suppose 4*n + c = 3*n + 6, 0 = -c - 2. Let q = n + 7. Is q a prime number?
False
Suppose 2*q + 4 = -0. Let l(t) = 39*t**2 - 4*t - 3. Is l(q) composite?
True
Let x = -13 + 5. Let q = 7 + 12. Let h = x + q. Is h prime?
True
Let w(z) = -2*z**3 + z**2 + 9. Is w(0) a composite number?
True
Let q(r) = -r**3 + 10*r**2 + 8*r - 9. Is q(10) prime?
True
Suppose 0 = 4*r + r + 5*m - 5900, 4*r - 4721 = -3*m. Is r composite?
False
Let d(l) = -l + 5. Let y be d(8). Is 2/(-1) - y*9 a prime number?
False
Suppose -2*v + 4 = -4*q, 1 = 3*q + 2*v - 3. Suppose -4 = 4*a, q*a = 5*s + 2*a - 528. Is s a prime number?
False
Suppose 0 = -5*k + k + 2228. Is k prime?
True
Let i(u) = -u - 10. Let d(z) = z + 1. Let a(c) = -3*d(c) - i(c). Let g be a(6). Let r(k) = -k**3 - 3*k**2 + 2*k + 7. Is r(g) prime?
True
Let w(i) = -5*i**3 + i**2 + 6*i - 7. Is w(-5) a composite number?
False
Suppose -4*y + 2 = -6. Let x(g) = 6*g**2 + 3*g - g**2 - 4*g**y - 1. Is x(2) a prime number?
False
Suppose 3*n = -5*w - 0*w + 33, 5*w + 5*n = 35. Let o(d) = 2*d**3 - 8*d**2 + 5*d - 4. Let t be o(w). Let q = t + -117. Is q a prime number?
True
Suppose 0 = f - 4*v - 176 - 114, -5*f + v + 1545 = 0. Suppose -5*l = 2*n - 0*n - f, n + 2*l = 153. Is n composite?
True
Let i = -189 - -303. Let n = i + -42. Let p = 105 - n. Is p a prime number?
False
Is 4/4*1 + 126 a prime number?
True
Let b(y) = -y**2 + 4*y - 6. Let p be b(4). Let x(t) = -5*t - 7. Let d be x(p). Suppose 2*f = f + d. Is f a composite number?
False
Suppose 5*y - 5 - 5 = 0. Suppose -3*g - y*g + 1905 = 0. Is g prime?
False
Let y be 12/(-3)*1/(-2). Suppose -3*q - s = -4*s - 51, s - 40 = -y*q. Is q a composite number?
False
Let t = 106 - 206. Let a = t - -179. Is a a composite number?
False
Let r(o) be the first derivative of -o**2/2 - o - 3. Let t be r(3). Is t/(-14) - (-7165)/35 prime?
False
Suppose w = 46 + 139. Is ((-16)/40)/((-2)/w) prime?
True
Suppose 900 = 7*s - 4301. Is s a composite number?
False
Let p be (0 - -2 - 1) + 1. Is 0 + 79 + p + -4 a composite number?
True
Let c(x) = 2*x**3 - 9*x**2 + x - 5. Suppose 3*y + o + 21 = -3*o, -4*y = 2*o + 18. Let d be ((-4)/y)/(10/45). Is c(d) a composite number?
False
Is 3/9 + (-4380)/(-9) composite?
False
Suppose 12 = -3*k - k. Let l be 4/6 + 191/k. Let m = -24 - l. Is m a composite number?
True
Let j = 64 - -139. Is j composite?
True
Let q(m) = -m**2 - 6*m + 14. Is q(-6) a composite number?
True
Let t be (39/(-12) + 2)*-4. Let g(n) = 5*n - n**2 + 7*n - 2 - 2*n. Is g(t) a composite number?
False
Let f(y) = 5*y**3 - y**2 + 2. Let k be f(2). Let i = 33 - -44. Suppose -4*o = 0, 5*p + 4*o = k + i. Is p composite?
False
Is (836/(-2))/(-2) - -2 a composite number?
False
Suppose z = -3*z + 140. Is z prime?
False
Suppose 47 + 38 = 5*j. Suppose -a + 2*d + 22 = 0, 5*a - 3*d + 41 = 123. Let p = a + j. Is p a prime number?
True
Suppose 0 = -v + 6*v + 140. Let a = -6 - v. Is a a prime number?
False
Let r(l) = -18*l - 5. Let o(m) = -m**2 - 3*m + 5. Let g be o(-5). Is r(g) a composite number?
True
Let m = 812 + -441. Is m a prime number?
False
Is (-68)/119 + (-15075)/(-7) composite?
False
Suppose 0 = 5*v + 25, -3*n - 72 = -6*n + 3*v. Is n a prime number?
True
Let f(l) = l**3 + 11*l**2 - 14*l - 10. Is f(-12) prime?
False
Suppose -3*o = -6*o. Let n = o - 0. Suppose n*b - 2*b = 3*w - 13, -4*w + 20 = 4*b. Is w composite?
False
Suppose 4*g + 45 = 561. Suppose 3*i = -i + 296. Let l = g - i. Is l a composite number?
True
Suppose 4*z + 4 + 8 = 0. Is z*(-4)/(-6) + 421 composite?
False
Let j(y) = 7 + 4*y - 3*y**2 - y**3 + 5*y - 5*y. Suppose 0 = d - 4*n + 26, 4*d - n + 21 = -8. Is j(d) prime?
False
Suppose -x = -4*n - 6, -2*x + 1 = -4*n - 7. Suppose a = -a - 4, 154 = 2*z + x*a. Is z composite?
False
Is 2482/22 - 48/(-264) a composite number?
False
Let n(b) = -13*b + 1. Let k(h) = -h**2 + 7*h - 9. Let l be k(6). Let c be n(l). Suppose 3*w - c = -r, 3*r - 3*w - 53 = r. Is r a composite number?
False
Suppose 0 = -0*w - 4*w + 20. Suppose -w*p - 265 = 